Calculate the remainder when 120527 is divided by 72.
71
What is the remainder when 35193 is divided by 1603?
1530
What is the remainder when 3225237 is divided by 93?
90
What is the remainder when 16734 is divided by 204?
6
Calculate the remainder when 133268 is divided by 10.
8
What is the remainder when 281900 is divided by 281893?
7
Calculate the remainder when 6982 is divided by 569.
154
What is the remainder when 1019814 is divided by 1861?
1847
What is the remainder when 146951 is divided by 20991?
14
What is the remainder when 349349 is divided by 85?
84
What is the remainder when 70738 is divided by 54?
52
Calculate the remainder when 208703 is divided by 96.
95
Calculate the remainder when 6880 is divided by 95.
40
What is the remainder when 578 is divided by 279?
20
Calculate the remainder when 7125 is divided by 433.
197
What is the remainder when 7158 is divided by 41?
24
Calculate the remainder when 63642 is divided by 323.
11
What is the remainder when 348041 is divided by 817?
816
Calculate the remainder when 12068 is divided by 264.
188
Calculate the remainder when 1909 is divided by 950.
9
Calculate the remainder when 16261 is divided by 243.
223
Calculate the remainder when 14796 is divided by 2910.
246
Calculate the remainder when 3836 is divided by 1131.
443
What is the remainder when 26450 is divided by 88?
50
Calculate the remainder when 15965 is divided by 42.
5
Calculate the remainder when 1059 is divided by 51.
39
Calculate the remainder when 1377 is divided by 75.
27
Calculate the remainder when 9355 is divided by 550.
5
What is the remainder when 115859 is divided by 6815?
4
Calculate the remainder when 2214857 is divided by 20.
17
Calculate the remainder when 153556 is divided by 51146.
118
Calculate the remainder when 137646 is divided by 68821.
4
Calculate the remainder when 906 is divided by 327.
252
Calculate the remainder when 57591 is divided by 19124.
219
Calculate the remainder when 201 is divided by 77.
47
What is the remainder when 10988 is divided by 366?
8
What is the remainder when 9218 is divided by 387?
317
Calculate the remainder when 6335 is divided by 54.
17
Calculate the remainder when 2066940 is divided by 467.
465
Calculate the remainder when 91020 is divided by 11373.
36
What is the remainder when 441086 is divided by 169?
165
Calculate the remainder when 1174 is divided by 99.
85
Calculate the remainder when 493341 is divided by 650.
641
What is the remainder when 42558 is divided by 583?
582
Calculate the remainder when 368817 is divided by 38.
27
What is the remainder when 72279 is divided by 36139?
1
Calculate the remainder when 10116 is divided by 155.
41
What is the remainder when 8355914 is divided by 57?
56
Calculate the remainder when 178691 is divided by 9926.
23
What is the remainder when 1031 is divided by 495?
41
What is the remainder when 7369 is divided by 308?
285
Calculate the remainder when 1063515 is divided by 899.
897
What is the remainder when 104543 is divided by 367?
315
What is the remainder when 62827 is divided by 61?
58
Calculate the remainder when 68530 is divided by 62.
20
Calculate the remainder when 5380342 is divided by 1026.
1024
Calculate the remainder when 53498 is divided by 241.
237
Calculate the remainder when 97790 is divided by 326.
316
What is the remainder when 13582600 is divided by 41?
38
What is the remainder when 106278 is divided by 216?
6
What is the remainder when 3678457 is divided by 1745?
1742
What is the remainder when 10926 is divided by 4378?
2170
What is the remainder when 774847 is divided by 1369?
1362
What is the remainder when 12120 is divided by 377?
56
What is the remainder when 37306 is divided by 679?
640
Calculate the remainder when 309939 is divided by 1834.
1827
What is the remainder when 183085 is divided by 31?
30
What is the remainder when 1236 is divided by 505?
226
What is the remainder when 713409 is divided by 42?
39
What is the remainder when 62007 is divided by 17?
8
What is the remainder when 49583 is divided by 8?
7
What is the remainder when 16260 is divided by 4009?
224
Calculate the remainder when 40993 is divided by 10.
3
What is the remainder when 946144 is divided by 2221?
2219
What is the remainder when 2800 is divided by 1360?
80
What is the remainder when 7264 is divided by 262?
190
Calculate the remainder when 6541 is divided by 1908.
817
Calculate the remainder when 12251 is divided by 350.
1
Calculate the remainder when 145895 is divided by 1247.
1243
What is the remainder when 116995 is divided by 54?
31
Calculate the remainder when 7876 is divided by 971.
108
Calculate the remainder when 170843 is divided by 123.
119
Calculate the remainder when 10970 is divided by 1804.
146
What is the remainder when 42452 is divided by 16?
4
What is the remainder when 373992 is divided by 56?
24
What is the remainder when 346407 is divided by 251?
27
What is the remainder when 15481 is divided by 574?
557
What is the remainder when 17354 is divided by 255?
14
Calculate the remainder when 6436 is divided by 396.
100
Calculate the remainder when 1420083 is divided by 191.
189
Calculate the remainder when 246417 is divided by 749.
745
What is the remainder when 6742 is divided by 2238?
28
What is the remainder when 1161 is divided by 99?
72
What is the remainder when 3820 is divided by 739?
125
What is the remainder when 10988 is divided by 53?
17
What is the remainder when 157929 is divided by 4511?
44
Calculate the remainder when 1079033 is divided by 359677.
2
What is the remainder when 261987 is divided by 166?
39
What is the remainder when 53563 is divided by 272?
251
What is the remainder when 1520 is divided by 44?
24
Calculate the remainder when 23123 is divided by 236.
231
What is the remainder when 1380756 is divided by 339?
9
Calculate the remainder when 2007 is divided by 150.
57
What is the remainder when 19180 is divided by 213?
10
What is the remainder when 6369 is divided by 74?
5
What is the remainder when 1952 is divided by 90?
62
What is the remainder when 20067 is divided by 6669?
60
Calculate the remainder when 14553 is divided by 14.
7
Calculate the remainder when 41682 is divided by 89.
30
What is the remainder when 43327 is divided by 922?
915
Calculate the remainder when 52217 is divided by 26102.
13
What is the remainder when 3825 is divided by 3814?
11
What is the remainder when 6690 is divided by 32?
2
What is the remainder when 26118 is divided by 319?
279
Calculate the remainder when 2131 is divided by 217.
178
Calculate the remainder when 85881 is divided by 261.
12
Calculate the remainder when 1043912 is divided by 87.
86
Calculate the remainder when 3028 is divided by 726.
124
Calculate the remainder when 2818 is divided by 422.
286
Calculate the remainder when 12087 is divided by 32.
23
What is the remainder when 60987 is divided by 305?
292
Calculate the remainder when 2886758 is divided by 11.
6
Calculate the remainder when 10005 is divided by 35.
30
Calculate the remainder when 64352 is divided by 7147.
29
What is the remainder when 56194 is divided by 8027?
5
What is the remainder when 28162 is divided by 56?
50
What is the remainder when 51318 is divided by 92?
74
What is the remainder when 7418 is divided by 1073?
980
Calculate the remainder when 2255 is divided by 1251.
1004
What is the remainder when 18139 is divided by 585?
4
Calculate the remainder when 613086 is divided by 9.
6
Calculate the remainder when 179865 is divided by 1131.
36
Calculate the remainder when 1266 is divided by 623.
20
What is the remainder when 13315 is divided by 512?
3
What is the remainder when 9243 is divided by 1751?
488
Calculate the remainder when 2566 is divided by 68.
50
What is the remainder when 436 is divided by 75?
61
Calculate the remainder when 472618 is divided by 236274.
70
Calculate the remainder when 324155 is divided by 476.
475
What is the remainder when 44821 is divided by 19?
0
Calculate the remainder when 14002 is divided by 736.
18
What is the remainder when 5380 is divided by 2523?
334
What is the remainder when 1655846 is divided by 133?
129
What is the remainder when 204134 is divided by 204121?
13
What is the remainder when 73679 is divided by 24558?
5
What is the remai